t is 2 (base 10) in base 12?
2
Convert 28 (base 14) to base 6.
100
1200 (base 3) to base 15
30
What is 10 (base 15) in base 3?
120
What is -3 (base 15) in base 8?
-3
-4 (base 16) to base 12
-4
Convert -431 (base 5) to base 13.
-8c
-3 (base 8) to base 9
-3
What is -44 (base 13) in base 10?
-56
Convert -a9 (base 15) to base 6.
-423
Convert -15 (base 12) to base 5.
-32
Convert -1 (base 14) to base 4.
-1
What is -2 (base 3) in base 13?
-2
What is 3 (base 10) in base 3?
10
What is 3 (base 5) in base 7?
3
Convert 5 (base 10) to base 12.
5
What is 4 (base 5) in base 3?
11
Convert 3 (base 15) to base 11.
3
What is 56 (base 8) in base 4?
232
What is -2 (base 9) in base 3?
-2
Convert -8 (base 9) to base 15.
-8
1 (base 9) to base 3
1
What is -310 (base 5) in base 15?
-55
-4 (base 8) to base 13
-4
What is -10 (base 3) in base 8?
-3
Convert 0 (base 3) to base 7.
0
113 (base 9) to base 11
85
Convert 11 (base 2) to base 8.
3
What is 5 (base 12) in base 13?
5
What is 19 (base 13) in base 2?
10110
29 (base 15) to base 11
36
-5 (base 12) to base 13
-5
What is 7 (base 14) in base 6?
11
What is 23 (base 10) in base 4?
113
What is 111 (base 5) in base 11?
29
What is -44 (base 6) in base 14?
-20
What is 4 (base 9) in base 8?
4
What is 22 (base 4) in base 15?
a
-a (base 15) to base 8
-12
-1 (base 14) to base 11
-1
32 (base 4) to base 5
24
Convert -1 (base 9) to base 8.
-1
What is -12 (base 15) in base 16?
-11
Convert 0 (base 3) to base 13.
0
What is -6 (base 12) in base 3?
-20
-44 (base 16) to base 11
-62
-1 (base 16) to base 7
-1
What is 7 (base 9) in base 16?
7
-4 (base 13) to base 3
-11
-225 (base 11) to base 7
-533
2 (base 13) to base 8
2
Convert 1 (base 5) to base 6.
1
Convert d (base 15) to base 16.
d
2 (base 14) to base 13
2
What is 12 (base 5) in base 16?
7
6 (base 8) to base 13
6
-102 (base 8) to base 12
-56
6 (base 8) to base 3
20
Convert 8 (base 16) to base 14.
8
4 (base 15) to base 12
4
What is 44 (base 14) in base 5?
220
-3 (base 11) to base 6
-3
-3220 (base 4) to base 14
-128
What is -2 (base 12) in base 15?
-2
Convert 83 (base 9) to base 10.
75
Convert 1 (base 16) to base 2.
1
Convert 5c (base 15) to base 2.
1010111
Convert -6 (base 8) to base 13.
-6
What is 1 (base 7) in base 13?
1
Convert -1 (base 13) to base 16.
-1
Convert 16 (base 11) to base 12.
15
-104 (base 5) to base 11
-27
What is -4 (base 13) in base 11?
-4
11 (base 9) to base 14
a
What is -5 (base 16) in base 8?
-5
Convert -11111 (base 2) to base 4.
-133
-2020 (base 3) to base 6
-140
Convert -10 (base 15) to base 7.
-21
What is -13 (base 8) in base 9?
-12
Convert -17 (base 16) to base 7.
-32
Convert 1001 (base 2) to base 5.
14
-252 (base 6) to base 10
-104
0 (base 13) to base 11
0
Convert -11 (base 3) to base 7.
-4
Convert 18 (base 13) to base 5.
41
Convert -33 (base 6) to base 3.
-210
10 (base 8) to base 16
8
What is -8 (base 9) in base 6?
-12
What is -143 (base 10) in base 15?
-98
5 (base 16) to base 5
10
-1 (base 6) to base 15
-1
30 (base 7) to base 5
41
What is 5 (base 11) in base 4?
11
Convert -117 (base 9) to base 13.
-76
Convert -32 (base 5) to base 6.
-25
What is 1010101 (base 2) in base 11?
78
Convert 120 (base 3) to base 15.
10
Convert -54 (base 11) to base 14.
-43
-10010101 (base 2) to base 10
-149
What is -5 (base 8) in base 11?
-5
Convert 100 (base 2) to base 6.
4
Convert 9 (base 11) to base 16.
9
What is 1 (base 6) in base 7?
1
Convert -e5 (base 15) to base 8.
-327
Convert -1 (base 12) to base 3.
-1
What is -223 (base 6) in base 3?
-10020
What is -7 (base 15) in base 16?
-7
Convert 3 (base 7) to base 6.
3
Convert 277 (base 8) to base 10.
191
Convert 5 (base 7) to base 15.
5
What is -65 (base 11) in base 5?
-241
What is 4 (base 5) in base 8?
4
What is -3 (base 8) in base 13?
-3
What is aa (base 12) in base 4?
2002
Convert -5 (base 13) to base 15.
-5
Convert 3 (base 11) to base 12.
3
Convert 3 (base 5) to base 13.
3
What is 377 (base 8) in base 5?
2010
Convert 203 (base 5) to base 2.
110101
-20 (base 4) to base 6
-12
What is -7 (base 13) in base 2?
-111
Convert 12 (base 8) to base 14.
a
Convert 3 (base 15) to base 11.
3
213 (base 7) to base 14
7a
-1 (base 7) to base 3
-1
What is 10 (base 4) in base 14?
4
Convert -3 (base 6) to base 3.
-10
What is e (base 15) in base 3?
112
Convert 6 (base 16) to base 5.
11
Convert -87 (base 11) to base 5.
-340
Convert 132 (base 12) to base 14.
d0
What is -1430 (base 5) in base 16?
-f0
What is -11210 (base 3) in base 5?
-1004
Convert 82 (base 9) to base 3.
2202
What is -1101 (base 2) in base 3?
-111
What is -24 (base 10) in base 7?
-33
Convert -27 (base 11) to base 10.
-29
Convert 0 (base 12) to base 8.
0
Convert -19 (base 14) to base 7.
-32
-9 (base 15) to base 5
-14
-11b (base 16) to base 15
-13d
140 (base 10) to base 16
8c
What is 0 (base 7) in base 9?
0
What is 1 (base 4) in base 6?
1
What is c (base 15) in base 11?
11
-101 (base 2) to base 14
-5
122 (base 3) to base 13
14
Convert 7 (base 12) to base 15.
7
What is 0 (base 10) in base 5?
0
What is 7 (base 13) in base 8?
7
-1 (base 9) to base 6
-1
1 (base 4) to base 16
1
What is -11 (base 9) in base 7?
-13
212 (base 5) to base 8
71
111 (base 6) to base 7
61
What is -12 (base 8) in base 14?
-a
What is 6 (base 9) in base 16?
6
Convert 4 (base 9) to base 7.
4
Convert 15 (base 6) to base 7.
14
Convert 203 (base 4) to base 11.
32
Convert -1020 (base 3) to base 7.
-45
24 (base 8) to base 5
40
What is -31 (base 5) in base 9?
-17
What is 56 (base 9) in base 4?
303
What is -223 (base 6) in base 7?
-153
What is 53 (base 12) in base 4?
333
Convert -3 (base 8) to base 11.
-3
89 (base 10) to base 8
131
-123 (base 5) to base 15
-28
What is 1121 (base 3) in base 9?
47
12 (base 10) to base 9
13
-7 (base 8) to base 2
-111
-14 (base 9) to base 13
-10
Convert 1 (base 7) to base 2.
1
-141 (base 5) to base 15
-31
-1 (base 15) to base 12
-1
0 (base 6) to base 15
0
What is -17 (base 8) in base 5?
-30
What is 5 (base 15) in base 3?
12
1133 (base 4) to base 6
235
Convert 2 (base 5) to base 2.
10
-a9 (base 16) to base 9
-207
Convert 0 (base 9) to base 4.
0
Convert 133 (base 5) to base 6.
111
Convert 4 (base 9) to base 12.
4
Convert -5 (base 7) to base 12.
-5
-3 (base 14) to base 8
-3
-34 (base 13) to base 8
-53
What is -1 (base 3) in base 16?
-1
11 (base 9) to base 16
a
25 (base 9) to base 2
10111
What is -b (base 12) in base 16?
-b
What is -10 (base 10) in base 11?
-a
What is -4 (base 7) in base 11?
-4
What is -1 (base 15) in base 7?
-1
-20 (base 4) to base 2
-1000
What is -253 (base 8) in base 2?
-10101011
-1 (base 2) to base 4
-1
What is -4 (base 6) in base 13?
-4
What is 130 (base 7) in base 4?
1012
66 (base 15) to base 2
1100000
0 (base 3) to base 15
0
What is -4 (base 14) in base 2?
-100
1 (base 16) to base 8
1
-1 (base 2) to base 10
-1
What is -2 (base 7) in base 15?
-2
Convert 0 (base 11) to base 15.
0
What is 100010 (base 2) in base 4?
202
11 (base 5) to base 2
110
Convert -53 (base 7) to base 15.
-28
What is 147 (base 13) in base 5?
1403
What is 2 (base 8) in base 6?
2
What is 8 (base 10) in base 2?
1000
What is 5 (base 10) in base 14?
5
1100 (base 3) to base 14
28
What is 20 (base 10) in base 15?
15
What is -7d (base 16) in base 9?
-148
-63 (base 13) to base 6
-213
What is 133 (base 9) in base 15?
76
What is -5 (base 12) in base 6?
-5
16 (base 9) to base 13
12
Convert -5 (base 8) to base 15.
-5
Convert -3c (base 15) to base 7.
-111
-43 (base 5) to base 8
-27
Convert 314 (base 6) to base 7.
226
Convert -a (base 14) to base 15.
-a
9 (base 15) to base 10
9
-4 (base 13) to base 6
-4
11 (base 5) to base 7
6
-1 (base 16) to base 8
-1
Convert -24 (base 9) to base 3.
-211
11 (base 3) to base 11
4
What is 4 (base 6) in base 2?
100
4 (base 13) to base 14
4
12 (base 6) to base 14
8
Convert -3 (base 11) to base 3.
-10
Convert -1 (base 5) to base 16.
-1
-10 (base 7) to base 4
-13
What is 34 (base 8) in base 4?
130
-45 (base 6) to base 7
-41
What is 10001011 (base 2) in base 5?
1024
Convert 133 (base 7) to base 11.
67
What is -14 (base 9) in base 15?
-d
What is 5 (base 14) in base 11?
5
Convert -22 (base 5) to base 10.
-12
What is -1131 (base 6) in base 12?
-1a7
130 (base 6) to base 4
312
What is 341 (base 6) in base 12?
b1
-3 (base 12) to base 11
-3
23 (base 8) to base 5
34
Convert 123 (base 8) to base 15.
58
5 (base